 digit of x?
7
What is the hundreds digit of (2584/(-3))/((-398)/1791)?
8
Suppose -5*i - 1 = k, -3*i + 1 = -0*i - k. Suppose i = -0*n - 6*n + 3390. What is the tens digit of n?
6
Suppose -28*r - 1382199 = -86*r + 850395. What is the units digit of r?
3
Let o be (1 + -3)/(6/(-15)). Suppose -10 = -o*w + 3*w. Suppose -5*x + 3*c = -x - 342, 0 = w*x + 4*c - 443. What is the tens digit of x?
8
Let o = 844 + -825. Let w(s) = 5*s**2 - 11*s - 98. What is the thousands digit of w(o)?
1
Let y be (-1)/(-7) + 21752/28. Suppose 7*b = 10*b - y. What is the units digit of b?
9
Let n be -20*((8 - (5 - 3)) + -2). Let d be (12/(-10))/(2/(n/6)). Suppose -d*s + 145 = -3*s. What is the units digit of s?
9
Let f be 4 + 1 + 2 + -3. Suppose -k + 3 = -4*n - 18, -f*k + n = -24. Suppose k*z = -4*z + 603. What is the tens digit of z?
6
What is the tens digit of 93*102/54*9?
8
Let o(w) be the first derivative of 4*w**3/3 - 34*w - 15. Let s be o(-21). Suppose -11*b + 30 + s = 0. What is the hundreds digit of b?
1
Suppose -5*c - 5*y = -10, 0*c + 8 = c - 5*y. Let o be 4/c*(7 + -10). Let g(p) = p**3 + 6*p**2 + 3*p - 4. What is the tens digit of g(o)?
1
Suppose -3*q + 35*p = 40*p - 43561, 2*q - 29030 = 2*p. What is the hundreds digit of q?
5
Let i = 329 + -504. Let r = -2069 + 2044. What is the units digit of ((-4)/(-7))/(r/i)?
4
Suppose -21*r - 4805 = 10*r. What is the hundreds digit of (-6278)/(-10) + -2 + (-31)/r?
6
Let u = 14493 + 21197. What is the ten thousands digit of u?
3
Let t be (-9 - (-7 + -2))*-1. Suppose 4*r - 168 = -0*r. What is the tens digit of 9*(-4)/(-24)*(r - t)?
6
Let g be 5/15*(-24)/2. What is the tens digit of (g + 3 + 8)*59?
1
Let n be (4/(-3))/((-20)/45). Suppose -32 = -n*z + 97. What is the units digit of z?
3
Suppose 13*i = -117 + 65. Let f(c) = -19*c + 1 - 5 + 14. What is the tens digit of f(i)?
8
Let k(n) be the first derivative of -n**4/4 + 2*n**3/3 - 3*n**2/2 + n + 16. Let w be k(2). What is the tens digit of w + -2 + 5 - -19?
1
Suppose -5*t + 10*t - 1350 = 0. Let m = -68 + t. Suppose -c - m = -2*h + c, 5*h + 2*c = 477. What is the units digit of h?
7
Let i = -58 - -104. Suppose -2*z + i = 3*z - 4*f, -2*z = f - 8. What is the units digit of (z/4)/(-12*3/(-96))?
4
Let y = 1401 - 161. Let p = -692 + y. What is the hundreds digit of p?
5
Suppose 0 = 61*r - 44*r - 4471. What is the units digit of r?
3
Let z = -57 + -65. Let f = 61 - z. What is the units digit of f?
3
Suppose -2*o + 21520 = 3*g, -3*g + 1068 + 20455 = -o. What is the units digit of g?
4
Let t(m) = 6*m - 9. Let n be t(5). Suppose 12340 - 3268 = n*r. What is the tens digit of r?
3
Let c be (-786)/(-4) + 5/10. Let y = 328 - c. What is the units digit of y + -2 + 3 + -1 + 1?
2
Let q be (-1)/5*-2*(67 + -7). Suppose 0 = -3*r + 7 + 5, -4*r - q = -k. Let j = k + -29. What is the units digit of j?
1
Let m(q) = 84*q**2 + 35*q + 4. Let b be m(-4). Let t = -848 + b. What is the tens digit of t?
6
Suppose -6*a = -152 - 64. Let y = a - 33. What is the tens digit of (49/(-3))/(y/(-9))?
4
Let m(s) = 1 + 0 - 145*s - s**3 - 14*s**2 - s**3 + 134*s. Let p be m(-6). What is the tens digit of (-18)/p*1350/81?
6
Suppose 14*o + 38*o = 592598 + 95206. What is the thousands digit of o?
3
What is the thousands digit of 13277 - (27/4 + 185/148)?
3
Suppose 1 = 11*i - 12*i. Let n be (-4)/(-2) + (i - 11). Let q(b) = -b**2 - 21*b - 18. What is the tens digit of q(n)?
9
Let q(k) = 15*k + 206. Let r be q(-14). What is the tens digit of 36/(r/(-104 - 8))?
0
Suppose 5*d = 2*u + 744 + 395, d = 3*u + 220. What is the hundreds digit of d?
2
Let q(j) = 198*j**2 - 65*j - 92. What is the thousands digit of q(-7)?
0
Let i = 33757 + -16909. What is the thousands digit of i?
6
Suppose 5*v - 116054 + 20866 = -3*h, -4*v = 4. What is the thousands digit of h?
1
Let q(b) = 11*b + 70. Let u be q(-6). Suppose 0 = f - 4*g - 1257, -2*f - 2514 = -u*f - 5*g. What is the tens digit of f?
5
Suppose -2*l - 294 = -5*d, 45 = d - 2*l - 3*l. Let m = d + -63. What is the units digit of (-279*m/36)/(3/8)?
2
Suppose p - 8 = -a, -4*a = 5*p - 8*p - 11. What is the hundreds digit of (136/(-16) - -7)*(-542)/p?
2
Let b(t) = -2*t**3 + 272*t**2 + 253*t + 78. What is the ten thousands digit of b(136)?
3
Let q(c) = -c**2 + 9*c - 4. Let m be q(5). Let b be m/(-4 + 135/33). Let z = b - 86. What is the tens digit of z?
9
Let l(k) = 2*k - 19. Let b = -41 - -55. Let a be l(b). Suppose a*p = -3*p + 1080. What is the tens digit of p?
9
Suppose -7*t + 17370 = 7*t - 4*t. What is the tens digit of t?
3
Let k(z) = 8*z**3 - 3*z**2 - z + 2. Let g be k(2). Let o be (0 - (-10)/15)*12. What is the tens digit of g*4/o*36/8?
1
Suppose -5*v + 1287 = -2153. Suppose 2*t + 150 = v. Suppose u - 56 = 5*x, -4*u + 3*x + 2*x + t = 0. What is the units digit of u?
1
Let q = 3286 - 564. What is the tens digit of q?
2
Let o(a) = -a**2 - 5*a + 10. Let t be o(-11). Let i = 84 + t. What is the tens digit of i?
2
Let j(o) = 2*o**3 + o**2 - 7*o + 7. Let r be j(1). Suppose 4 = -r*i + 4*i, -3*i = 5*g - 7352. What is the tens digit of g?
6
Let g be (12/5)/(27/(-2340)). Let a = 387 + g. Suppose 12*x + a = 1799. What is the tens digit of x?
3
Let r = 22287 + -14607. What is the thousands digit of r?
7
Let j be (-135)/(-36) + (-2)/(-8). Suppose -2*c + 6*c - 161 = -5*v, 4*v = j*c + 100. What is the units digit of v?
9
Let u(t) = 2*t**3 - 23*t**2 + 146*t + 29. What is the units digit of u(12)?
5
Suppose 11*x - 132 = 14*x. Let a = x + 114. What is the units digit of (420/147)/(4/a)?
0
Let k be -12 - (-1 + 4 + 0/(-2)). Let y be (-200)/k*3/2. Let g(n) = n**3 - 20*n**2 + n + 8. What is the tens digit of g(y)?
2
Let s(j) = j**3 + 22*j**2 + 20*j - 30. Let i be s(-21). Let a(m) = 19*m**2 + 6*m - 29. What is the tens digit of a(i)?
5
What is the thousands digit of 105582/8 - 935/(-748)?
3
Let t = 2242 + -2266. Let i(n) be the third derivative of -n**6/120 - 2*n**5/5 - 3*n**4/8 - 2*n**2. What is the tens digit of i(t)?
1
Let g = 11415 - 3879. What is the units digit of g?
6
Suppose -5*y - 11819 - 5643 = -2*p, 0 = 3*y + 12. What is the thousands digit of p?
8
Suppose -5*j + 226 = 196. Suppose j*s - 1584 = -2*s. What is the hundreds digit of s?
1
What is the thousands digit of 36683 - (0 + 7 - (5 + (-6 - -4)))?
6
Let r(s) = -27*s**3 - 16*s**2 - 168*s + 23. What is the hundreds digit of r(-7)?
6
Let d = 18 - 11. Suppose -2*h = -r - 8, 5*h - d - 12 = 3*r. Suppose 4 = w, -2*k - w + 144 = -r*w. What is the units digit of k?
4
Let r(h) = h**2 + 4*h - 37. Let l be r(-9). Suppose l*x + 0*x = 16. Suppose -11*f + 261 = -x*f. What is the units digit of f?
9
Let q = -38618 + 77047. What is the units digit of q?
9
Let z(v) = 87*v**2 + 47*v - 333. What is the units digit of z(11)?
1
Suppose 0 = 3*m + 3, 2 = o - 2*m - 2. Suppose 138 = 4*p - n, o*p - 2*n - 59 = 7. Suppose 2*g - 4*s = -4, -5*s + p = 5*g - 0*s. What is the units digit of g?
4
Let s = 22 - 153. Let m = s + 207. Let l = -44 + m. What is the units digit of l?
2
Let p(q) = 159*q**2 - 10*q. Let c be p(1). Let v(f) = -78*f**3 - f. Let h be v(1). Let s = h + c. What is the tens digit of s?
7
Suppose -467 = 39*d - 38*d. Let y = 967 + d. What is the tens digit of y?
0
Suppose -4*o + 4*k + 824 = 0, -2*o + k + 447 = 6*k. Let n = -76 - -84. Suppose n*t - o = 45. What is the tens digit of t?
3
Let c = 6822 - 4054. Suppose -c + 408 = w. What is the tens digit of (w/(-30))/((-2)/(-3))?
1
Suppose -68*n + 3224047 = 986983. What is the hundreds digit of n?
8
Let l be (8/14)/((-10)/(-140)). Suppose 0 = -7*s + l*s - 241. Let f = s + -138. What is the tens digit of f?
0
Let x be (-3)/2*(-12 + 0)/6. Suppose x*o + o + 14 = 3*q, 17 = 3*q - o. What is the units digit of q?
6
Let x(m) = 394*m**3 + 15*m**2 - 4. What is the hundreds digit of x(3)?
7
Let u(p) = -p + 17. Let q be u(15). Suppose -4*f - 416 = -4*m, 3*f = 7*f - q*m + 418. What is the units digit of -5*18/(-15)*f/(-9)?
0
Suppose -13*m = -22*m + 9. What is the hundreds digit of 7 - (m - 3268)/3?
0
What is the units digit of (414984/(-84))/((-26)/91)?
1
Let p be (-6)/(-8) - (-425725)/100. Suppose 7*b + 520 = p. What is the hundreds digit of b?
5
Let o(v) = -31*v + 25. Let b be o(-6). Let j = b + -152. What is the units digit of j?
9
Let a(b) = -33 - 65*b - 123 + 59 - 89. What is the hundreds digit of a(-20)?
1
Suppose -15*f =